rue
Is 601167874 a multiple of 5?
False
Is 3854442472 a multiple of 11?
False
Is 91 a factor of 457588131?
True
Is 335431524 a multiple of 6?
True
Is 32 a factor of 96591833?
False
Does 4565 divide 1281829175?
True
Is 43 a factor of 48627495?
False
Is 126 a factor of 605934?
True
Is 37153829 a multiple of 2019?
False
Does 2033 divide 3404712?
False
Is 3559 a factor of 413055627?
False
Is 2093 a factor of 32724140?
False
Is 9 a factor of 50031095?
False
Is 90378162 a multiple of 21?
True
Is 684693558 a multiple of 434?
False
Is 89067769 a multiple of 37?
True
Is 366849262 a multiple of 459?
False
Is 124 a factor of 159492813?
False
Does 60 divide 11486715?
False
Is 3049112374 a multiple of 3930?
False
Is 10575697 a multiple of 711?
False
Is 773 a factor of 157987286?
True
Does 1526 divide 1828033498?
False
Does 63 divide 3026247?
False
Is 6347 a factor of 744141321?
True
Does 461 divide 74682?
True
Is 10805464 a multiple of 274?
True
Is 2277 a factor of 363028941?
True
Does 383 divide 176285708?
True
Is 33 a factor of 148866564?
True
Is 67 a factor of 2342880?
False
Is 158 a factor of 1053909770?
True
Does 53 divide 40886307?
False
Does 29 divide 139782755?
True
Is 18 a factor of 37649813?
False
Does 2 divide 196010483?
False
Is 9580634 a multiple of 69?
False
Does 3559 divide 965225516?
False
Does 2946 divide 115907797?
False
Is 137190051 a multiple of 153?
True
Is 399617632 a multiple of 5?
False
Does 356 divide 381662972?
True
Is 308857700 a multiple of 3746?
True
Does 70 divide 904877398?
False
Does 2 divide 279287605?
False
Does 1004 divide 120286228?
True
Does 6 divide 30376794?
True
Is 478870171 a multiple of 557?
False
Does 471 divide 660342?
True
Is 3 a factor of 1842903?
True
Is 8059108818 a multiple of 13419?
False
Is 296 a factor of 1065600?
True
Is 10 a factor of 51089969?
False
Is 79 a factor of 337497164?
True
Is 2510 a factor of 98171120?
True
Is 149 a factor of 275686803?
True
Is 259 a factor of 295756503?
True
Is 137 a factor of 37330719?
True
Is 169432615 a multiple of 11?
True
Does 331 divide 52519210?
False
Is 337912785 a multiple of 145?
True
Is 52383798 a multiple of 803?
False
Does 1150 divide 73793200?
True
Is 78770408 a multiple of 18?
False
Does 199 divide 19023242?
False
Is 27881846 a multiple of 107?
True
Is 7 a factor of 8030380?
False
Is 26 a factor of 18819341?
False
Is 57519971 a multiple of 5?
False
Is 236473314 a multiple of 660?
False
Is 88 a factor of 68562648?
True
Does 416 divide 48770590?
False
Is 130881592 a multiple of 19?
False
Does 376 divide 211078110?
False
Is 89020800 a multiple of 6744?
True
Is 19 a factor of 53517998?
False
Does 6 divide 1281155?
False
Is 186185870 a multiple of 3955?
False
Is 2491 a factor of 27891727?
True
Is 170904335 a multiple of 1165?
True
Is 55748041 a multiple of 477?
False
Does 457 divide 2679164?
False
Is 289013555 a multiple of 38?
False
Does 955 divide 82937601?
False
Does 1608 divide 991415616?
True
Is 385731591 a multiple of 251?
False
Does 32 divide 255804512?
True
Does 716 divide 38056832?
True
Does 25 divide 82381607?
False
Is 1983231126 a multiple of 22?
False
Does 63 divide 2128819392?
True
Does 359 divide 157054243?
True
Does 4 divide 24210184?
True
Is 19059605 a multiple of 32?
False
Does 2844 divide 103768506?
False
Is 6876 a factor of 178419464?
False
Does 550 divide 6148352934?
False
Is 2509 a factor of 330553296?
False
Is 1963 a factor of 485917911?
False
Is 148 a factor of 188530224?
False
Is 245662889 a multiple of 486?
False
Does 408 divide 2301285723?
False
Does 1270 divide 897502650?
True
Is 263470133 a multiple of 79?
False
Is 218635651 a multiple of 13?
True
Does 1979 divide 142383410?
False
Is 9 a factor of 1986476937?
False
Is 425 a factor of 63169435?
False
Is 53451146 a multiple of 14?
True
Is 326089534 a multiple of 3170?
False
Is 77383043 a multiple of 13?
False
Is 2317717901 a multiple of 2376?
False
Does 30 divide 49739100?
True
Is 1260928396 a multiple of 811?
False
Is 21 a factor of 55215552?
True
Is 6707282229 a multiple of 45?
False
Is 125 a factor of 1675125500?
True
Does 538 divide 47788460?
False
Is 3 a factor of 34816347?
True
Is 1219425 a multiple of 687?
True
Is 9900853 a multiple of 2011?
False
Is 7705434 a multiple of 1878?
True
Does 591 divide 356627059?
False
Is 252512322 a multiple of 17?
True
Is 167880 a multiple of 10?
True
Is 14 a factor of 3482941144?
False
Is 88 a factor of 120383855?
False
Is 19093295 a multiple of 22?
False
Is 341788819 a multiple of 87?
False
Is 76974453 a multiple of 57?
True
Is 174 a factor of 49903751?
False
Is 21 a factor of 1540602?
True
Is 977 a factor of 33473974?
True
Is 885608 a multiple of 651?
False
Is 129 a factor of 1299862?
False
Is 381317 a multiple of 23?
True
Is 332928843 a multiple of 11?
False
Is 549479443 a multiple of 2879?
False
Is 30 a factor of 480651930?
True
Is 33727667 even?
False
Is 5 a factor of 71288806?
False
Is 2279 a factor of 30137636?
False
Is 335551860 a multiple of 30?
True
Does 95 divide 17462140?
True
Is 420 a factor of 459315360?
True
Is 10 a factor of 392634980?
True
Does 1400 divide 11893000?
True
Does 68 divide 106407080?
True
Is 2 a factor of 122167105?
False
Is 491 a factor of 118303504?
True
Is 67 a factor of 64489376?
True
Is 41634209 a multiple of 7?
False
Is 1462 a factor of 135530135?
False
Is 429 a factor of 8691969?
True
Is 3678 a factor of 1269583074?
True
Is 9 a factor of 5764029?
False
Is 103 a factor of 389783415?
True
Is 35 a factor of 988680?
True
Is 4 a factor of 33144094?
False
Is 5 a factor of 23192347?
False
Is 59120843 a multiple of 4?
False
Does 427 divide 2127171382?
True
Does 25 divide 22613817?
False
Is 67 a factor of 190472253?
False
Is 1260599277 a multiple of 6?
False
Is 7 a factor of 67890475?
False
Is 21825685 a multiple of 33?
False
Is 10 a factor of 241594450?
True
Does 313 divide 517347997?
True
Does 60 divide 241614043?
False
Is 20 a factor of 78201780?
True
Is 261045312 a multiple of 352?
True
Is 1948 a factor of 29771284?
True
Does 9 divide 1582662234?
False
Does 313 divide 120566661?
True
Is 89405140 a multiple of 92?
True
Is 84169155 a multiple of 1002?
False
Does 1039 divide 689272879?
False
Is 1004934 a multiple of 21?
True
Is 185547740 a multiple of 1832?
False
Is 7 a factor of 43107231?
False
Does 594 divide 22604076?
True
Is 6059340 a multiple of 140?
True
Does 44 divide 295861940?
True
Does 7 divide 82174696?
False
Does 37 divide 21223570?
True
Is 18 a factor of 52226136?
True
Is 12 a factor of 39288888?
True
Is 74248417 a multiple of 27?
False
Is 142 a factor of 69934716?
True
Is 2219239792 a multiple of 98?
True
Is 280 a factor of 64147440?
True
Is 405077002 a multiple of 157?
False
Does 13 divide 27533600?
False
Is 136 a factor of 226118201?
False
Is 8419848 a multiple of 93?
True
Is 74 a factor of 249117609?
False
Is 2007729 a multiple of 220?
False
Is 126 a factor of 4218984?
True
Does 44 divide 17823331?
False
Does 5 divide 106045?
True
Does 265 divide 69869635?
True
Is 1912 a factor of 111639768?
True
Is 544592748 a multiple of 25?
False
Is 1409 a factor of 62291807?
False
Is 127410868 a multiple of 29?
False
Is 11110435 a multiple of 119?
True
Does 19 divide 3657320741?
False
Does 154 divide 457436128?
False
Is 60035461 a multiple of 5?
False
Is 139 a factor of 19864073?
True
Does 331 divide 36886137?
False
Is 476 a factor of 269810486?
False
Is 17786846 a multiple of 22?
True
Does 179 divide 2454090?
True
Is 2481 a factor of 8174034?
False
Does 11 divide 6597943?
True
Is 2232 a factor of 293046297?
False
Does 290 divide 24466336?
False
Is 50280 a multiple of 3?
True
Is 440 a factor of 169074704?
False
Does 445 divide 904775111?
False
Is 108157021 a multiple of 497?
False
Does 39 divide 72236502?
True
Is 141515073 a multiple of 987?
True
Does 50 divide 178904241?
False
Is 89669048 a multiple of 134?
True
Does 32 divide 101541760?
True
Is 54557760 a multiple of 16?
True
Is 36 a factor of 2018408364?
True
Is 21054866 a multiple of 2043?
False
Does 442 divide 4180197?
False
Does 774 divide 16373970?
True
Is 93 a factor of 2046501?
False
Does 2424 divide 666086112?
True
Is 68 a factor of 9155996?
True
Is 10 a factor of 37760634?
False
Is 54 a factor of 685057500?
True
Is 75619 a multiple of 65?
False
Is 76 a